{"id":74,"date":"2025-12-17T19:57:23","date_gmt":"2025-12-17T18:57:23","guid":{"rendered":"https:\/\/motus.bydgoszcz.pl\/?page_id=74"},"modified":"2026-01-11T16:24:02","modified_gmt":"2026-01-11T15:24:02","slug":"edr","status":"publish","type":"page","link":"https:\/\/motus.bydgoszcz.pl\/?page_id=74","title":{"rendered":"EDR"},"content":{"rendered":"\t\t<div data-elementor-type=\"wp-page\" data-elementor-id=\"74\" class=\"elementor elementor-74\">\n\t\t\t\t<div class=\"elementor-element elementor-element-cf6358a e-flex e-con-boxed e-con e-parent\" data-id=\"cf6358a\" data-element_type=\"container\">\n\t\t\t\t\t<div class=\"e-con-inner\">\n\t\t\t\t<div class=\"elementor-element elementor-element-bad217d elementor-widget elementor-widget-image\" data-id=\"bad217d\" data-element_type=\"widget\" data-widget_type=\"image.default\">\n\t\t\t\t<div class=\"elementor-widget-container\">\n\t\t\t\t\t\t\t\t\t\t\t\t\t\t\t<img fetchpriority=\"high\" decoding=\"async\" width=\"1024\" height=\"1024\" src=\"https:\/\/motus.bydgoszcz.pl\/wp-content\/uploads\/2026\/01\/17FBD3E4-6D23-41B9-A427-A12772A615EA.jpg\" class=\"attachment-large size-large wp-image-102\" alt=\"\" srcset=\"https:\/\/motus.bydgoszcz.pl\/wp-content\/uploads\/2026\/01\/17FBD3E4-6D23-41B9-A427-A12772A615EA.jpg 1024w, https:\/\/motus.bydgoszcz.pl\/wp-content\/uploads\/2026\/01\/17FBD3E4-6D23-41B9-A427-A12772A615EA-300x300.jpg 300w, https:\/\/motus.bydgoszcz.pl\/wp-content\/uploads\/2026\/01\/17FBD3E4-6D23-41B9-A427-A12772A615EA-150x150.jpg 150w, https:\/\/motus.bydgoszcz.pl\/wp-content\/uploads\/2026\/01\/17FBD3E4-6D23-41B9-A427-A12772A615EA-768x768.jpg 768w\" sizes=\"(max-width: 1024px) 100vw, 1024px\" \/>\t\t\t\t\t\t\t\t\t\t\t\t\t\t\t<\/div>\n\t\t\t\t<\/div>\n\t\t\t\t\t<\/div>\n\t\t\t\t<\/div>\n\t\t<div class=\"elementor-element elementor-element-43d3c8f2 e-flex e-con-boxed e-con e-parent\" data-id=\"43d3c8f2\" data-element_type=\"container\">\n\t\t\t\t\t<div class=\"e-con-inner\">\n\t\t\t\t<div class=\"elementor-element elementor-element-7ff7fc56 elementor-widget elementor-widget-text-editor\" data-id=\"7ff7fc56\" data-element_type=\"widget\" data-widget_type=\"text-editor.default\">\n\t\t\t\t<div class=\"elementor-widget-container\">\n\t\t\t\t\t\t\t\t\t<p><\/p>\n<p>Nowoczesne rozwi\u0105zania stosowane w samochodach z modu\u0142em Event Data Recorder (EDR) \u2013 rejestratorem danych wypadkowych \u2013 umo\u017cliwiaj\u0105 ustalenie szczeg\u00f3\u0142\u00f3w dotycz\u0105cych kolizji, w tym pr\u0119dko\u015bci pojazdu w ci\u0105gu 5 sekund przed zderzeniem, rodzaju manewr\u00f3w (<strong>hamowanie<\/strong>, <strong>przyspieszanie<\/strong>, <strong>skr\u0119ty kierownicy<\/strong>), a tak\u017ce <strong>obecno\u015b\u0107 pasa\u017cer\u00f3w<\/strong>, <strong>stan\u00f3w pas\u00f3w bezpiecze\u0144stwa<\/strong>, <strong>w\u0142\u0105czonych kierunkowskaz\u00f3w <\/strong>\u2013 w formie danych pre-crash. W\u00a0trakcie zderzenia rejestrowane s\u0105 <strong>zmiany pr\u0119dko\u015bci<\/strong> i\u00a0<strong>przyspieszenia<\/strong> w czasie rzeczywistym, co pozwala precyzyjnie <strong>okre\u015bli\u0107 si\u0142\u0119 oraz kierunek zderzenia<\/strong>. Dzi\u0119ki temu mo\u017cliwe jest dok\u0142adne odwzorowanie wypadku w\u00a0symulatorach takich jak V-SIM czy PC-CRASH.<\/p>\n<p><\/p>\n<p>Odczyt danych wypadkowych z EDR wymaga specjalistycznego sprz\u0119tu, oprogramowania i\u00a0wiedzy, aby w\u0142a\u015bciwie zinterpretowa\u0107 dane. Oferujemy us\u0142ug\u0119 odczytu danych wypadkowych EDR na miejscu wypadku lub na parkingach. Przeprowadzamy takie odczyty na zlecenie organ\u00f3w \u015bcigania oraz os\u00f3b prywatnych, wykonuj\u0105c analiz\u0119 danych zar\u00f3wno z\u00a0pojazd\u00f3w uszkodzonych cz\u0119\u015bciowo, jak i ca\u0142kowicie. Odczyt danych odbywa si\u0119 jednokierunkowo tzn. pobrane s\u0105 dane bez wprowadzania jakichkolwiek modyfikacji w sterowniki pojazdu.<\/p>\n<p><\/p>\n<figure class=\"wp-block-gallery has-nested-images columns-default is-cropped wp-block-gallery-2 is-layout-flex wp-block-gallery-is-layout-flex\"><\/p>\n<\/figure>\n<p><\/p>\t\t\t\t\t\t\t\t<\/div>\n\t\t\t\t<\/div>\n\t\t\t\t\t<\/div>\n\t\t\t\t<\/div>\n\t\t<div class=\"elementor-element elementor-element-0bb4dc9 e-grid e-con-boxed e-con e-parent\" data-id=\"0bb4dc9\" data-element_type=\"container\">\n\t\t\t\t\t<div class=\"e-con-inner\">\n\t\t\t\t<div class=\"elementor-element elementor-element-72281ff elementor-widget elementor-widget-image\" data-id=\"72281ff\" data-element_type=\"widget\" data-widget_type=\"image.default\">\n\t\t\t\t<div class=\"elementor-widget-container\">\n\t\t\t\t\t\t\t\t\t\t\t\t\t\t\t<img decoding=\"async\" width=\"142\" height=\"189\" src=\"https:\/\/motus.bydgoszcz.pl\/wp-content\/uploads\/2025\/12\/edr1.jpg\" class=\"attachment-large size-large wp-image-76\" alt=\"\" \/>\t\t\t\t\t\t\t\t\t\t\t\t\t\t\t<\/div>\n\t\t\t\t<\/div>\n\t\t\t\t<div class=\"elementor-element elementor-element-cefd7a4 elementor-widget elementor-widget-image\" data-id=\"cefd7a4\" data-element_type=\"widget\" data-widget_type=\"image.default\">\n\t\t\t\t<div class=\"elementor-widget-container\">\n\t\t\t\t\t\t\t\t\t\t\t\t\t\t\t<img decoding=\"async\" width=\"140\" height=\"186\" src=\"https:\/\/motus.bydgoszcz.pl\/wp-content\/uploads\/2025\/12\/edr2.jpg\" class=\"attachment-large size-large wp-image-75\" alt=\"\" \/>\t\t\t\t\t\t\t\t\t\t\t\t\t\t\t<\/div>\n\t\t\t\t<\/div>\n\t\t\t\t<div class=\"elementor-element elementor-element-bf21061 elementor-widget elementor-widget-image\" data-id=\"bf21061\" data-element_type=\"widget\" data-widget_type=\"image.default\">\n\t\t\t\t<div class=\"elementor-widget-container\">\n\t\t\t\t\t\t\t\t\t\t\t\t\t\t\t<img loading=\"lazy\" decoding=\"async\" width=\"480\" height=\"640\" src=\"https:\/\/motus.bydgoszcz.pl\/wp-content\/uploads\/2026\/01\/IMG_5213.jpeg\" class=\"attachment-large size-large wp-image-100\" alt=\"\" srcset=\"https:\/\/motus.bydgoszcz.pl\/wp-content\/uploads\/2026\/01\/IMG_5213.jpeg 480w, https:\/\/motus.bydgoszcz.pl\/wp-content\/uploads\/2026\/01\/IMG_5213-225x300.jpeg 225w\" sizes=\"(max-width: 480px) 100vw, 480px\" \/>\t\t\t\t\t\t\t\t\t\t\t\t\t\t\t<\/div>\n\t\t\t\t<\/div>\n\t\t\t\t<div class=\"elementor-element elementor-element-6f4e2d4 elementor-widget elementor-widget-image\" data-id=\"6f4e2d4\" data-element_type=\"widget\" data-widget_type=\"image.default\">\n\t\t\t\t<div class=\"elementor-widget-container\">\n\t\t\t\t\t\t\t\t\t\t\t\t\t\t\t<img loading=\"lazy\" decoding=\"async\" width=\"640\" height=\"480\" src=\"https:\/\/motus.bydgoszcz.pl\/wp-content\/uploads\/2026\/01\/IMG_5212.jpeg\" class=\"attachment-large size-large wp-image-106\" alt=\"\" srcset=\"https:\/\/motus.bydgoszcz.pl\/wp-content\/uploads\/2026\/01\/IMG_5212.jpeg 640w, https:\/\/motus.bydgoszcz.pl\/wp-content\/uploads\/2026\/01\/IMG_5212-300x225.jpeg 300w\" sizes=\"(max-width: 640px) 100vw, 640px\" \/>\t\t\t\t\t\t\t\t\t\t\t\t\t\t\t<\/div>\n\t\t\t\t<\/div>\n\t\t\t\t<div class=\"elementor-element elementor-element-daf3fad elementor-widget elementor-widget-image\" data-id=\"daf3fad\" data-element_type=\"widget\" data-widget_type=\"image.default\">\n\t\t\t\t<div class=\"elementor-widget-container\">\n\t\t\t\t\t\t\t\t\t\t\t\t\t\t\t<img loading=\"lazy\" decoding=\"async\" width=\"480\" height=\"640\" src=\"https:\/\/motus.bydgoszcz.pl\/wp-content\/uploads\/2026\/01\/IMG_5210-rotated.jpeg\" class=\"attachment-large size-large wp-image-104\" alt=\"\" srcset=\"https:\/\/motus.bydgoszcz.pl\/wp-content\/uploads\/2026\/01\/IMG_5210-rotated.jpeg 480w, https:\/\/motus.bydgoszcz.pl\/wp-content\/uploads\/2026\/01\/IMG_5210-225x300.jpeg 225w\" sizes=\"(max-width: 480px) 100vw, 480px\" \/>\t\t\t\t\t\t\t\t\t\t\t\t\t\t\t<\/div>\n\t\t\t\t<\/div>\n\t\t\t\t<div class=\"elementor-element elementor-element-14c9fb5 elementor-widget elementor-widget-image\" data-id=\"14c9fb5\" data-element_type=\"widget\" data-widget_type=\"image.default\">\n\t\t\t\t<div class=\"elementor-widget-container\">\n\t\t\t\t\t\t\t\t\t\t\t\t\t\t\t<img loading=\"lazy\" decoding=\"async\" width=\"1024\" height=\"676\" src=\"https:\/\/motus.bydgoszcz.pl\/wp-content\/uploads\/2026\/01\/82933773-bfc4-45d2-a85f-c54a8a4d33dd-1024x676.jpg\" class=\"attachment-large size-large wp-image-103\" alt=\"\" srcset=\"https:\/\/motus.bydgoszcz.pl\/wp-content\/uploads\/2026\/01\/82933773-bfc4-45d2-a85f-c54a8a4d33dd-1024x676.jpg 1024w, https:\/\/motus.bydgoszcz.pl\/wp-content\/uploads\/2026\/01\/82933773-bfc4-45d2-a85f-c54a8a4d33dd-300x198.jpg 300w, https:\/\/motus.bydgoszcz.pl\/wp-content\/uploads\/2026\/01\/82933773-bfc4-45d2-a85f-c54a8a4d33dd-768x507.jpg 768w, https:\/\/motus.bydgoszcz.pl\/wp-content\/uploads\/2026\/01\/82933773-bfc4-45d2-a85f-c54a8a4d33dd-1536x1014.jpg 1536w, https:\/\/motus.bydgoszcz.pl\/wp-content\/uploads\/2026\/01\/82933773-bfc4-45d2-a85f-c54a8a4d33dd.jpg 1600w\" sizes=\"(max-width: 1024px) 100vw, 1024px\" \/>\t\t\t\t\t\t\t\t\t\t\t\t\t\t\t<\/div>\n\t\t\t\t<\/div>\n\t\t\t\t\t<\/div>\n\t\t\t\t<\/div>\n\t\t<div class=\"elementor-element elementor-element-1a23e78 e-grid e-con-boxed e-con e-parent\" data-id=\"1a23e78\" data-element_type=\"container\">\n\t\t\t\t\t<div class=\"e-con-inner\">\n\t\t\t\t<div class=\"elementor-element elementor-element-45a16eb elementor-widget elementor-widget-image\" data-id=\"45a16eb\" data-element_type=\"widget\" data-widget_type=\"image.default\">\n\t\t\t\t<div class=\"elementor-widget-container\">\n\t\t\t\t\t\t\t\t\t\t\t\t\t\t\t<img loading=\"lazy\" decoding=\"async\" width=\"480\" height=\"640\" src=\"https:\/\/motus.bydgoszcz.pl\/wp-content\/uploads\/2026\/01\/IMG_7974-rotated.jpeg\" class=\"attachment-large size-large wp-image-101\" alt=\"\" srcset=\"https:\/\/motus.bydgoszcz.pl\/wp-content\/uploads\/2026\/01\/IMG_7974-rotated.jpeg 480w, https:\/\/motus.bydgoszcz.pl\/wp-content\/uploads\/2026\/01\/IMG_7974-225x300.jpeg 225w\" sizes=\"(max-width: 480px) 100vw, 480px\" \/>\t\t\t\t\t\t\t\t\t\t\t\t\t\t\t<\/div>\n\t\t\t\t<\/div>\n\t\t\t\t\t<\/div>\n\t\t\t\t<\/div>\n\t\t<div class=\"elementor-element elementor-element-e5b69dc e-flex e-con-boxed e-con e-parent\" data-id=\"e5b69dc\" data-element_type=\"container\">\n\t\t\t\t\t<div class=\"e-con-inner\">\n\t\t\t\t<div class=\"elementor-element elementor-element-04a37a5 elementor-widget elementor-widget-image\" data-id=\"04a37a5\" data-element_type=\"widget\" data-widget_type=\"image.default\">\n\t\t\t\t<div class=\"elementor-widget-container\">\n\t\t\t\t\t\t\t\t\t\t\t\t\t\t\t<img decoding=\"async\" src=\"https:\/\/motus.bydgoszcz.pl\/wp-content\/plugins\/elementor\/assets\/images\/placeholder.png\" title=\"\" alt=\"\" loading=\"lazy\" \/>\t\t\t\t\t\t\t\t\t\t\t\t\t\t\t<\/div>\n\t\t\t\t<\/div>\n\t\t\t\t\t<\/div>\n\t\t\t\t<\/div>\n\t\t\t\t<\/div>\n\t\t","protected":false},"excerpt":{"rendered":"<p>Nowoczesne rozwi\u0105zania stosowane w samochodach z modu\u0142em Event Data Recorder (EDR) \u2013 rejestratorem danych wypadkowych \u2013 umo\u017cliwiaj\u0105 ustalenie szczeg\u00f3\u0142\u00f3w dotycz\u0105cych kolizji, w tym pr\u0119dko\u015bci pojazdu w ci\u0105gu 5 sekund przed zderzeniem, rodzaju manewr\u00f3w (hamowanie, przyspieszanie, skr\u0119ty kierownicy), a tak\u017ce obecno\u015b\u0107 pasa\u017cer\u00f3w, stan\u00f3w pas\u00f3w bezpiecze\u0144stwa, w\u0142\u0105czonych kierunkowskaz\u00f3w \u2013 w formie danych pre-crash. W\u00a0trakcie zderzenia rejestrowane s\u0105 [&hellip;]<\/p>\n","protected":false},"author":1,"featured_media":0,"parent":0,"menu_order":0,"comment_status":"closed","ping_status":"closed","template":"","meta":{"footnotes":""},"class_list":["post-74","page","type-page","status-publish","hentry"],"yoast_head":"<!-- This site is optimized with the Yoast SEO plugin v26.6 - https:\/\/yoast.com\/wordpress\/plugins\/seo\/ -->\n<title>EDR - Strona g\u0142\u00f3wna<\/title>\n<meta name=\"robots\" content=\"index, follow, max-snippet:-1, max-image-preview:large, max-video-preview:-1\" \/>\n<link rel=\"canonical\" href=\"https:\/\/motus.bydgoszcz.pl\/?page_id=74\" \/>\n<meta property=\"og:locale\" content=\"pl_PL\" \/>\n<meta property=\"og:type\" content=\"article\" \/>\n<meta property=\"og:title\" content=\"EDR - Strona g\u0142\u00f3wna\" \/>\n<meta property=\"og:description\" content=\"Nowoczesne rozwi\u0105zania stosowane w samochodach z modu\u0142em Event Data Recorder (EDR) \u2013 rejestratorem danych wypadkowych \u2013 umo\u017cliwiaj\u0105 ustalenie szczeg\u00f3\u0142\u00f3w dotycz\u0105cych kolizji, w tym pr\u0119dko\u015bci pojazdu w ci\u0105gu 5 sekund przed zderzeniem, rodzaju manewr\u00f3w (hamowanie, przyspieszanie, skr\u0119ty kierownicy), a tak\u017ce obecno\u015b\u0107 pasa\u017cer\u00f3w, stan\u00f3w pas\u00f3w bezpiecze\u0144stwa, w\u0142\u0105czonych kierunkowskaz\u00f3w \u2013 w formie danych pre-crash. W\u00a0trakcie zderzenia rejestrowane s\u0105 [&hellip;]\" \/>\n<meta property=\"og:url\" content=\"https:\/\/motus.bydgoszcz.pl\/?page_id=74\" \/>\n<meta property=\"og:site_name\" content=\"Strona g\u0142\u00f3wna\" \/>\n<meta property=\"article:modified_time\" content=\"2026-01-11T15:24:02+00:00\" \/>\n<meta property=\"og:image\" content=\"https:\/\/motus.bydgoszcz.pl\/wp-content\/uploads\/2026\/01\/17FBD3E4-6D23-41B9-A427-A12772A615EA.jpg\" \/>\n\t<meta property=\"og:image:width\" content=\"1024\" \/>\n\t<meta property=\"og:image:height\" content=\"1024\" \/>\n\t<meta property=\"og:image:type\" content=\"image\/jpeg\" \/>\n<meta name=\"twitter:card\" content=\"summary_large_image\" \/>\n<meta name=\"twitter:label1\" content=\"Szacowany czas czytania\" \/>\n\t<meta name=\"twitter:data1\" content=\"3 minuty\" \/>\n<script type=\"application\/ld+json\" class=\"yoast-schema-graph\">{\"@context\":\"https:\/\/schema.org\",\"@graph\":[{\"@type\":\"WebPage\",\"@id\":\"https:\/\/motus.bydgoszcz.pl\/?page_id=74\",\"url\":\"https:\/\/motus.bydgoszcz.pl\/?page_id=74\",\"name\":\"EDR - Strona g\u0142\u00f3wna\",\"isPartOf\":{\"@id\":\"https:\/\/motus.bydgoszcz.pl\/#website\"},\"primaryImageOfPage\":{\"@id\":\"https:\/\/motus.bydgoszcz.pl\/?page_id=74#primaryimage\"},\"image\":{\"@id\":\"https:\/\/motus.bydgoszcz.pl\/?page_id=74#primaryimage\"},\"thumbnailUrl\":\"https:\/\/motus.bydgoszcz.pl\/wp-content\/uploads\/2026\/01\/17FBD3E4-6D23-41B9-A427-A12772A615EA.jpg\",\"datePublished\":\"2025-12-17T18:57:23+00:00\",\"dateModified\":\"2026-01-11T15:24:02+00:00\",\"breadcrumb\":{\"@id\":\"https:\/\/motus.bydgoszcz.pl\/?page_id=74#breadcrumb\"},\"inLanguage\":\"pl-PL\",\"potentialAction\":[{\"@type\":\"ReadAction\",\"target\":[\"https:\/\/motus.bydgoszcz.pl\/?page_id=74\"]}]},{\"@type\":\"ImageObject\",\"inLanguage\":\"pl-PL\",\"@id\":\"https:\/\/motus.bydgoszcz.pl\/?page_id=74#primaryimage\",\"url\":\"https:\/\/motus.bydgoszcz.pl\/wp-content\/uploads\/2026\/01\/17FBD3E4-6D23-41B9-A427-A12772A615EA.jpg\",\"contentUrl\":\"https:\/\/motus.bydgoszcz.pl\/wp-content\/uploads\/2026\/01\/17FBD3E4-6D23-41B9-A427-A12772A615EA.jpg\",\"width\":1024,\"height\":1024},{\"@type\":\"BreadcrumbList\",\"@id\":\"https:\/\/motus.bydgoszcz.pl\/?page_id=74#breadcrumb\",\"itemListElement\":[{\"@type\":\"ListItem\",\"position\":1,\"name\":\"Home\",\"item\":\"https:\/\/motus.bydgoszcz.pl\/\"},{\"@type\":\"ListItem\",\"position\":2,\"name\":\"EDR\"}]},{\"@type\":\"WebSite\",\"@id\":\"https:\/\/motus.bydgoszcz.pl\/#website\",\"url\":\"https:\/\/motus.bydgoszcz.pl\/\",\"name\":\"Strona g\u0142\u00f3wna\",\"description\":\"\",\"potentialAction\":[{\"@type\":\"SearchAction\",\"target\":{\"@type\":\"EntryPoint\",\"urlTemplate\":\"https:\/\/motus.bydgoszcz.pl\/?s={search_term_string}\"},\"query-input\":{\"@type\":\"PropertyValueSpecification\",\"valueRequired\":true,\"valueName\":\"search_term_string\"}}],\"inLanguage\":\"pl-PL\"}]}<\/script>\n<!-- \/ Yoast SEO plugin. -->","yoast_head_json":{"title":"EDR - Strona g\u0142\u00f3wna","robots":{"index":"index","follow":"follow","max-snippet":"max-snippet:-1","max-image-preview":"max-image-preview:large","max-video-preview":"max-video-preview:-1"},"canonical":"https:\/\/motus.bydgoszcz.pl\/?page_id=74","og_locale":"pl_PL","og_type":"article","og_title":"EDR - Strona g\u0142\u00f3wna","og_description":"Nowoczesne rozwi\u0105zania stosowane w samochodach z modu\u0142em Event Data Recorder (EDR) \u2013 rejestratorem danych wypadkowych \u2013 umo\u017cliwiaj\u0105 ustalenie szczeg\u00f3\u0142\u00f3w dotycz\u0105cych kolizji, w tym pr\u0119dko\u015bci pojazdu w ci\u0105gu 5 sekund przed zderzeniem, rodzaju manewr\u00f3w (hamowanie, przyspieszanie, skr\u0119ty kierownicy), a tak\u017ce obecno\u015b\u0107 pasa\u017cer\u00f3w, stan\u00f3w pas\u00f3w bezpiecze\u0144stwa, w\u0142\u0105czonych kierunkowskaz\u00f3w \u2013 w formie danych pre-crash. W\u00a0trakcie zderzenia rejestrowane s\u0105 [&hellip;]","og_url":"https:\/\/motus.bydgoszcz.pl\/?page_id=74","og_site_name":"Strona g\u0142\u00f3wna","article_modified_time":"2026-01-11T15:24:02+00:00","og_image":[{"width":1024,"height":1024,"url":"https:\/\/motus.bydgoszcz.pl\/wp-content\/uploads\/2026\/01\/17FBD3E4-6D23-41B9-A427-A12772A615EA.jpg","type":"image\/jpeg"}],"twitter_card":"summary_large_image","twitter_misc":{"Szacowany czas czytania":"3 minuty"},"schema":{"@context":"https:\/\/schema.org","@graph":[{"@type":"WebPage","@id":"https:\/\/motus.bydgoszcz.pl\/?page_id=74","url":"https:\/\/motus.bydgoszcz.pl\/?page_id=74","name":"EDR - Strona g\u0142\u00f3wna","isPartOf":{"@id":"https:\/\/motus.bydgoszcz.pl\/#website"},"primaryImageOfPage":{"@id":"https:\/\/motus.bydgoszcz.pl\/?page_id=74#primaryimage"},"image":{"@id":"https:\/\/motus.bydgoszcz.pl\/?page_id=74#primaryimage"},"thumbnailUrl":"https:\/\/motus.bydgoszcz.pl\/wp-content\/uploads\/2026\/01\/17FBD3E4-6D23-41B9-A427-A12772A615EA.jpg","datePublished":"2025-12-17T18:57:23+00:00","dateModified":"2026-01-11T15:24:02+00:00","breadcrumb":{"@id":"https:\/\/motus.bydgoszcz.pl\/?page_id=74#breadcrumb"},"inLanguage":"pl-PL","potentialAction":[{"@type":"ReadAction","target":["https:\/\/motus.bydgoszcz.pl\/?page_id=74"]}]},{"@type":"ImageObject","inLanguage":"pl-PL","@id":"https:\/\/motus.bydgoszcz.pl\/?page_id=74#primaryimage","url":"https:\/\/motus.bydgoszcz.pl\/wp-content\/uploads\/2026\/01\/17FBD3E4-6D23-41B9-A427-A12772A615EA.jpg","contentUrl":"https:\/\/motus.bydgoszcz.pl\/wp-content\/uploads\/2026\/01\/17FBD3E4-6D23-41B9-A427-A12772A615EA.jpg","width":1024,"height":1024},{"@type":"BreadcrumbList","@id":"https:\/\/motus.bydgoszcz.pl\/?page_id=74#breadcrumb","itemListElement":[{"@type":"ListItem","position":1,"name":"Home","item":"https:\/\/motus.bydgoszcz.pl\/"},{"@type":"ListItem","position":2,"name":"EDR"}]},{"@type":"WebSite","@id":"https:\/\/motus.bydgoszcz.pl\/#website","url":"https:\/\/motus.bydgoszcz.pl\/","name":"Strona g\u0142\u00f3wna","description":"","potentialAction":[{"@type":"SearchAction","target":{"@type":"EntryPoint","urlTemplate":"https:\/\/motus.bydgoszcz.pl\/?s={search_term_string}"},"query-input":{"@type":"PropertyValueSpecification","valueRequired":true,"valueName":"search_term_string"}}],"inLanguage":"pl-PL"}]}},"_links":{"self":[{"href":"https:\/\/motus.bydgoszcz.pl\/index.php?rest_route=\/wp\/v2\/pages\/74","targetHints":{"allow":["GET"]}}],"collection":[{"href":"https:\/\/motus.bydgoszcz.pl\/index.php?rest_route=\/wp\/v2\/pages"}],"about":[{"href":"https:\/\/motus.bydgoszcz.pl\/index.php?rest_route=\/wp\/v2\/types\/page"}],"author":[{"embeddable":true,"href":"https:\/\/motus.bydgoszcz.pl\/index.php?rest_route=\/wp\/v2\/users\/1"}],"replies":[{"embeddable":true,"href":"https:\/\/motus.bydgoszcz.pl\/index.php?rest_route=%2Fwp%2Fv2%2Fcomments&post=74"}],"version-history":[{"count":4,"href":"https:\/\/motus.bydgoszcz.pl\/index.php?rest_route=\/wp\/v2\/pages\/74\/revisions"}],"predecessor-version":[{"id":109,"href":"https:\/\/motus.bydgoszcz.pl\/index.php?rest_route=\/wp\/v2\/pages\/74\/revisions\/109"}],"wp:attachment":[{"href":"https:\/\/motus.bydgoszcz.pl\/index.php?rest_route=%2Fwp%2Fv2%2Fmedia&parent=74"}],"curies":[{"name":"wp","href":"https:\/\/api.w.org\/{rel}","templated":true}]}}