{"id":2,"date":"2025-02-08T12:23:44","date_gmt":"2025-02-08T11:23:44","guid":{"rendered":"https:\/\/motus.bydgoszcz.pl\/?page_id=2"},"modified":"2026-01-04T12:11:19","modified_gmt":"2026-01-04T11:11:19","slug":"przykladowa-strona","status":"publish","type":"page","link":"https:\/\/motus.bydgoszcz.pl\/?page_id=2","title":{"rendered":"Rzeczoznawcy"},"content":{"rendered":"\t\t<div data-elementor-type=\"wp-page\" data-elementor-id=\"2\" class=\"elementor elementor-2\">\n\t\t\t\t<div class=\"elementor-element elementor-element-1d7b950 e-flex e-con-boxed e-con e-parent\" data-id=\"1d7b950\" data-element_type=\"container\">\n\t\t\t\t\t<div class=\"e-con-inner\">\n\t\t\t\t<div class=\"elementor-element elementor-element-f94c57f elementor-widget elementor-widget-text-editor\" data-id=\"f94c57f\" data-element_type=\"widget\" data-widget_type=\"text-editor.default\">\n\t\t\t\t<div class=\"elementor-widget-container\">\n\t\t\t\t\t\t\t\t\t<p style=\"font-size: 16.8px\"><span style=\"font-size: 16.8px\">Rafa\u0142 \u00a0Nahotko RTM 00100<\/span><\/p>\n<p style=\"font-size: 16.8px\">Bieg\u0142y s\u0105dowy z dziedziny; technika samochodowa i rekonstrukcja wypadk\u00f3w drogowych, wycena warto\u015bci oraz koszt\u00f3w i jako\u015bci napraw pojazd\u00f3w samochodowych, odczyt i analiza danych rejestrator\u00f3w zdarze\u0144 pojazd\u00f3w (EDR),\u00a0 rzeczoznawca techniki motoryzacyjnej.<\/p>\t\t\t\t\t\t\t\t<\/div>\n\t\t\t\t<\/div>\n\t\t\t\t\t<\/div>\n\t\t\t\t<\/div>\n\t\t<div class=\"elementor-element elementor-element-f45853c e-flex e-con-boxed e-con e-parent\" data-id=\"f45853c\" data-element_type=\"container\">\n\t\t\t\t\t<div class=\"e-con-inner\">\n\t\t\t\t<div class=\"elementor-element elementor-element-51ed9bc elementor-widget elementor-widget-text-editor\" data-id=\"51ed9bc\" data-element_type=\"widget\" data-widget_type=\"text-editor.default\">\n\t\t\t\t<div class=\"elementor-widget-container\">\n\t\t\t\t\t\t\t\t\t<p><span style=\"font-size: 16.8px\">Rados\u0142aw Ko\u0142ecki RTM 00102<\/span><\/p>\n<p><span style=\"font-size: 16.8px\">Bieg\u0142y s\u0105dowy z dziedziny, transportu, ruchu drogowego, wyceny warto\u015bci pojazd\u00f3w, wyceny koszt\u00f3w i jako\u015bci napraw pojazd\u00f3w, techniki i taktyki jazdy, szkolenie i egzaminowanie kierowc\u00f3w i kandydat\u00f3w ,rzeczoznawca techniki motoryzacyjnej.<\/span><\/p>\t\t\t\t\t\t\t\t<\/div>\n\t\t\t\t<\/div>\n\t\t\t\t\t<\/div>\n\t\t\t\t<\/div>\n\t\t<div class=\"elementor-element elementor-element-ad3e81d e-flex e-con-boxed e-con e-parent\" data-id=\"ad3e81d\" data-element_type=\"container\">\n\t\t\t\t\t<div class=\"e-con-inner\">\n\t\t\t\t<div class=\"elementor-element elementor-element-8f0904d elementor-widget elementor-widget-text-editor\" data-id=\"8f0904d\" data-element_type=\"widget\" data-widget_type=\"text-editor.default\">\n\t\t\t\t<div class=\"elementor-widget-container\">\n\t\t\t\t\t\t\t\t\t<p><span style=\"font-size: 16.8px\">Marcin Kopaczewski RTM00101<\/span><\/p>\n<p><span style=\"font-size: 16.8px\">Bieg\u0142y s\u0105dowy z dziedziny; technika samochodowa i ruch drogowy technika samochodowa i ruch drogowy w zakresie:<\/span><\/p>\n<p><span style=\"font-size: 16.8px\">-wycena warto\u015bci oraz koszt\u00f3w i jako\u015bci naprawa pojazd\u00f3w samochodowych oraz technika i taktyka jazdy;<\/span><br style=\"font-size: 16.8px\" \/><span style=\"font-size: 16.8px\">-odczyt i analiza danych rejestrator\u00f3w zdarze\u0144 pojazd\u00f3w (EDR), rzeczoznawca techniki motoryzacyjnej.<\/span><\/p>\t\t\t\t\t\t\t\t<\/div>\n\t\t\t\t<\/div>\n\t\t\t\t\t<\/div>\n\t\t\t\t<\/div>\n\t\t<div class=\"elementor-element elementor-element-4323474 e-flex e-con-boxed e-con e-parent\" data-id=\"4323474\" data-element_type=\"container\">\n\t\t\t\t\t<div class=\"e-con-inner\">\n\t\t\t\t<div class=\"elementor-element elementor-element-8da2431 elementor-widget elementor-widget-text-editor\" data-id=\"8da2431\" data-element_type=\"widget\" data-widget_type=\"text-editor.default\">\n\t\t\t\t<div class=\"elementor-widget-container\">\n\t\t\t\t\t\t\t\t\t<p><span style=\"font-size: 16.8px\">Rafa\u0142 Jezierski RTM 00103<\/span><\/p>\n<p><span style=\"font-size: 16.8px\">Bieg\u0142y s\u0105dowy z dziedziny; techniczno-kryminalistyczne rekonstrukcje wypadk\u00f3w drogowych, wycena warto\u015bci pojazd\u00f3w i ruch drogowy , rzeczoznawca techniki motoryzacyjnej.<\/span><\/p>\t\t\t\t\t\t\t\t<\/div>\n\t\t\t\t<\/div>\n\t\t\t\t\t<\/div>\n\t\t\t\t<\/div>\n\t\t<div class=\"elementor-element elementor-element-6878621 e-flex e-con-boxed e-con e-parent\" data-id=\"6878621\" data-element_type=\"container\">\n\t\t\t\t\t<div class=\"e-con-inner\">\n\t\t\t\t<div class=\"elementor-element elementor-element-381cda8 elementor-widget elementor-widget-text-editor\" data-id=\"381cda8\" data-element_type=\"widget\" data-widget_type=\"text-editor.default\">\n\t\t\t\t<div class=\"elementor-widget-container\">\n\t\t\t\t\t\t\t\t\t<p>Adam Krawczyk RTM 00104<\/p>\n<p>Bieg\u0142y s\u0105dowy z dziedziny; technika samochodowa i ruch drogowy w zakresie analizy usterek rzeczoznawca techniki motoryzacyjnej.<\/p>\t\t\t\t\t\t\t\t<\/div>\n\t\t\t\t<\/div>\n\t\t\t\t\t<\/div>\n\t\t\t\t<\/div>\n\t\t<div class=\"elementor-element elementor-element-5210771 e-flex e-con-boxed e-con e-parent\" data-id=\"5210771\" data-element_type=\"container\">\n\t\t\t\t\t<div class=\"e-con-inner\">\n\t\t\t\t<div class=\"elementor-element elementor-element-6ccefe9d elementor-widget elementor-widget-text-editor\" data-id=\"6ccefe9d\" data-element_type=\"widget\" data-widget_type=\"text-editor.default\">\n\t\t\t\t<div class=\"elementor-widget-container\">\n\t\t\t\t\t\t\t\t\t<p><span style=\"font-size: 16.8px\">Kacper Ko\u0142ecki RTM 00105<\/span><\/p>\n<p><span style=\"font-size: 16.8px\">Rzeczoznawca techniki motoryzacyjnej.<\/span><\/p>\n<p><!-- \/wp:image --><!-- wp:paragraph --><\/p>\n<p><!-- \/wp:paragraph --><\/p>\t\t\t\t\t\t\t\t<\/div>\n\t\t\t\t<\/div>\n\t\t\t\t\t<\/div>\n\t\t\t\t<\/div>\n\t\t<div class=\"elementor-element elementor-element-7cff5dd e-flex e-con-boxed e-con e-parent\" data-id=\"7cff5dd\" data-element_type=\"container\">\n\t\t\t\t\t<div class=\"e-con-inner\">\n\t\t\t\t<div class=\"elementor-element elementor-element-59a2d4d elementor-widget elementor-widget-image\" data-id=\"59a2d4d\" data-element_type=\"widget\" data-widget_type=\"image.default\">\n\t\t\t\t<div class=\"elementor-widget-container\">\n\t\t\t\t\t\t\t\t\t\t\t\t\t\t\t<img fetchpriority=\"high\" decoding=\"async\" width=\"1024\" height=\"684\" src=\"https:\/\/motus.bydgoszcz.pl\/wp-content\/uploads\/2025\/02\/ssp-work-tech-0004-2000x1335-1-1024x684.jpg\" class=\"attachment-large size-large wp-image-60\" alt=\"\" srcset=\"https:\/\/motus.bydgoszcz.pl\/wp-content\/uploads\/2025\/02\/ssp-work-tech-0004-2000x1335-1-1024x684.jpg 1024w, https:\/\/motus.bydgoszcz.pl\/wp-content\/uploads\/2025\/02\/ssp-work-tech-0004-2000x1335-1-300x200.jpg 300w, https:\/\/motus.bydgoszcz.pl\/wp-content\/uploads\/2025\/02\/ssp-work-tech-0004-2000x1335-1-768x513.jpg 768w, https:\/\/motus.bydgoszcz.pl\/wp-content\/uploads\/2025\/02\/ssp-work-tech-0004-2000x1335-1-1536x1025.jpg 1536w, https:\/\/motus.bydgoszcz.pl\/wp-content\/uploads\/2025\/02\/ssp-work-tech-0004-2000x1335-1.jpg 2000w\" sizes=\"(max-width: 1024px) 100vw, 1024px\" \/>\t\t\t\t\t\t\t\t\t\t\t\t\t\t\t<\/div>\n\t\t\t\t<\/div>\n\t\t\t\t\t<\/div>\n\t\t\t\t<\/div>\n\t\t\t\t<\/div>\n\t\t","protected":false},"excerpt":{"rendered":"<p>Rafa\u0142 \u00a0Nahotko RTM 00100 Bieg\u0142y s\u0105dowy z dziedziny; technika samochodowa i rekonstrukcja wypadk\u00f3w drogowych, wycena warto\u015bci oraz koszt\u00f3w i jako\u015bci napraw pojazd\u00f3w samochodowych, odczyt i analiza danych rejestrator\u00f3w zdarze\u0144 pojazd\u00f3w (EDR),\u00a0 rzeczoznawca techniki motoryzacyjnej. Rados\u0142aw Ko\u0142ecki RTM 00102 Bieg\u0142y s\u0105dowy z dziedziny, transportu, ruchu drogowego, wyceny warto\u015bci pojazd\u00f3w, wyceny koszt\u00f3w i jako\u015bci napraw pojazd\u00f3w, techniki [&hellip;]<\/p>\n","protected":false},"author":1,"featured_media":0,"parent":0,"menu_order":0,"comment_status":"closed","ping_status":"open","template":"","meta":{"footnotes":""},"class_list":["post-2","page","type-page","status-publish","hentry"],"yoast_head":"<!-- This site is optimized with the Yoast SEO plugin v26.6 - https:\/\/yoast.com\/wordpress\/plugins\/seo\/ -->\n<title>Rzeczoznawcy - Strona g\u0142\u00f3wna<\/title>\n<meta name=\"robots\" content=\"index, follow, max-snippet:-1, max-image-preview:large, max-video-preview:-1\" \/>\n<link rel=\"canonical\" href=\"https:\/\/motus.bydgoszcz.pl\/?page_id=2\" \/>\n<meta property=\"og:locale\" content=\"pl_PL\" \/>\n<meta property=\"og:type\" content=\"article\" \/>\n<meta property=\"og:title\" content=\"Rzeczoznawcy - Strona g\u0142\u00f3wna\" \/>\n<meta property=\"og:description\" content=\"Rafa\u0142 \u00a0Nahotko RTM 00100 Bieg\u0142y s\u0105dowy z dziedziny; technika samochodowa i rekonstrukcja wypadk\u00f3w drogowych, wycena warto\u015bci oraz koszt\u00f3w i jako\u015bci napraw pojazd\u00f3w samochodowych, odczyt i analiza danych rejestrator\u00f3w zdarze\u0144 pojazd\u00f3w (EDR),\u00a0 rzeczoznawca techniki motoryzacyjnej. Rados\u0142aw Ko\u0142ecki RTM 00102 Bieg\u0142y s\u0105dowy z dziedziny, transportu, ruchu drogowego, wyceny warto\u015bci pojazd\u00f3w, wyceny koszt\u00f3w i jako\u015bci napraw pojazd\u00f3w, techniki [&hellip;]\" \/>\n<meta property=\"og:url\" content=\"https:\/\/motus.bydgoszcz.pl\/?page_id=2\" \/>\n<meta property=\"og:site_name\" content=\"Strona g\u0142\u00f3wna\" \/>\n<meta property=\"article:modified_time\" content=\"2026-01-04T11:11:19+00:00\" \/>\n<meta property=\"og:image\" content=\"https:\/\/motus.bydgoszcz.pl\/wp-content\/uploads\/2025\/02\/ssp-work-tech-0004-2000x1335-1.jpg\" \/>\n\t<meta property=\"og:image:width\" content=\"2000\" \/>\n\t<meta property=\"og:image:height\" content=\"1335\" \/>\n\t<meta property=\"og:image:type\" content=\"image\/jpeg\" \/>\n<meta name=\"twitter:card\" content=\"summary_large_image\" \/>\n<meta name=\"twitter:label1\" content=\"Szacowany czas czytania\" \/>\n\t<meta name=\"twitter:data1\" content=\"2 minuty\" \/>\n<script type=\"application\/ld+json\" class=\"yoast-schema-graph\">{\"@context\":\"https:\/\/schema.org\",\"@graph\":[{\"@type\":\"WebPage\",\"@id\":\"https:\/\/motus.bydgoszcz.pl\/?page_id=2\",\"url\":\"https:\/\/motus.bydgoszcz.pl\/?page_id=2\",\"name\":\"Rzeczoznawcy - Strona g\u0142\u00f3wna\",\"isPartOf\":{\"@id\":\"https:\/\/motus.bydgoszcz.pl\/#website\"},\"primaryImageOfPage\":{\"@id\":\"https:\/\/motus.bydgoszcz.pl\/?page_id=2#primaryimage\"},\"image\":{\"@id\":\"https:\/\/motus.bydgoszcz.pl\/?page_id=2#primaryimage\"},\"thumbnailUrl\":\"https:\/\/motus.bydgoszcz.pl\/wp-content\/uploads\/2025\/02\/ssp-work-tech-0004-2000x1335-1-1024x684.jpg\",\"datePublished\":\"2025-02-08T11:23:44+00:00\",\"dateModified\":\"2026-01-04T11:11:19+00:00\",\"breadcrumb\":{\"@id\":\"https:\/\/motus.bydgoszcz.pl\/?page_id=2#breadcrumb\"},\"inLanguage\":\"pl-PL\",\"potentialAction\":[{\"@type\":\"ReadAction\",\"target\":[\"https:\/\/motus.bydgoszcz.pl\/?page_id=2\"]}]},{\"@type\":\"ImageObject\",\"inLanguage\":\"pl-PL\",\"@id\":\"https:\/\/motus.bydgoszcz.pl\/?page_id=2#primaryimage\",\"url\":\"https:\/\/motus.bydgoszcz.pl\/wp-content\/uploads\/2025\/02\/ssp-work-tech-0004-2000x1335-1.jpg\",\"contentUrl\":\"https:\/\/motus.bydgoszcz.pl\/wp-content\/uploads\/2025\/02\/ssp-work-tech-0004-2000x1335-1.jpg\",\"width\":2000,\"height\":1335},{\"@type\":\"BreadcrumbList\",\"@id\":\"https:\/\/motus.bydgoszcz.pl\/?page_id=2#breadcrumb\",\"itemListElement\":[{\"@type\":\"ListItem\",\"position\":1,\"name\":\"Home\",\"item\":\"https:\/\/motus.bydgoszcz.pl\/\"},{\"@type\":\"ListItem\",\"position\":2,\"name\":\"Rzeczoznawcy\"}]},{\"@type\":\"WebSite\",\"@id\":\"https:\/\/motus.bydgoszcz.pl\/#website\",\"url\":\"https:\/\/motus.bydgoszcz.pl\/\",\"name\":\"Strona g\u0142\u00f3wna\",\"description\":\"\",\"potentialAction\":[{\"@type\":\"SearchAction\",\"target\":{\"@type\":\"EntryPoint\",\"urlTemplate\":\"https:\/\/motus.bydgoszcz.pl\/?s={search_term_string}\"},\"query-input\":{\"@type\":\"PropertyValueSpecification\",\"valueRequired\":true,\"valueName\":\"search_term_string\"}}],\"inLanguage\":\"pl-PL\"}]}<\/script>\n<!-- \/ Yoast SEO plugin. -->","yoast_head_json":{"title":"Rzeczoznawcy - Strona g\u0142\u00f3wna","robots":{"index":"index","follow":"follow","max-snippet":"max-snippet:-1","max-image-preview":"max-image-preview:large","max-video-preview":"max-video-preview:-1"},"canonical":"https:\/\/motus.bydgoszcz.pl\/?page_id=2","og_locale":"pl_PL","og_type":"article","og_title":"Rzeczoznawcy - Strona g\u0142\u00f3wna","og_description":"Rafa\u0142 \u00a0Nahotko RTM 00100 Bieg\u0142y s\u0105dowy z dziedziny; technika samochodowa i rekonstrukcja wypadk\u00f3w drogowych, wycena warto\u015bci oraz koszt\u00f3w i jako\u015bci napraw pojazd\u00f3w samochodowych, odczyt i analiza danych rejestrator\u00f3w zdarze\u0144 pojazd\u00f3w (EDR),\u00a0 rzeczoznawca techniki motoryzacyjnej. Rados\u0142aw Ko\u0142ecki RTM 00102 Bieg\u0142y s\u0105dowy z dziedziny, transportu, ruchu drogowego, wyceny warto\u015bci pojazd\u00f3w, wyceny koszt\u00f3w i jako\u015bci napraw pojazd\u00f3w, techniki [&hellip;]","og_url":"https:\/\/motus.bydgoszcz.pl\/?page_id=2","og_site_name":"Strona g\u0142\u00f3wna","article_modified_time":"2026-01-04T11:11:19+00:00","og_image":[{"width":2000,"height":1335,"url":"https:\/\/motus.bydgoszcz.pl\/wp-content\/uploads\/2025\/02\/ssp-work-tech-0004-2000x1335-1.jpg","type":"image\/jpeg"}],"twitter_card":"summary_large_image","twitter_misc":{"Szacowany czas czytania":"2 minuty"},"schema":{"@context":"https:\/\/schema.org","@graph":[{"@type":"WebPage","@id":"https:\/\/motus.bydgoszcz.pl\/?page_id=2","url":"https:\/\/motus.bydgoszcz.pl\/?page_id=2","name":"Rzeczoznawcy - Strona g\u0142\u00f3wna","isPartOf":{"@id":"https:\/\/motus.bydgoszcz.pl\/#website"},"primaryImageOfPage":{"@id":"https:\/\/motus.bydgoszcz.pl\/?page_id=2#primaryimage"},"image":{"@id":"https:\/\/motus.bydgoszcz.pl\/?page_id=2#primaryimage"},"thumbnailUrl":"https:\/\/motus.bydgoszcz.pl\/wp-content\/uploads\/2025\/02\/ssp-work-tech-0004-2000x1335-1-1024x684.jpg","datePublished":"2025-02-08T11:23:44+00:00","dateModified":"2026-01-04T11:11:19+00:00","breadcrumb":{"@id":"https:\/\/motus.bydgoszcz.pl\/?page_id=2#breadcrumb"},"inLanguage":"pl-PL","potentialAction":[{"@type":"ReadAction","target":["https:\/\/motus.bydgoszcz.pl\/?page_id=2"]}]},{"@type":"ImageObject","inLanguage":"pl-PL","@id":"https:\/\/motus.bydgoszcz.pl\/?page_id=2#primaryimage","url":"https:\/\/motus.bydgoszcz.pl\/wp-content\/uploads\/2025\/02\/ssp-work-tech-0004-2000x1335-1.jpg","contentUrl":"https:\/\/motus.bydgoszcz.pl\/wp-content\/uploads\/2025\/02\/ssp-work-tech-0004-2000x1335-1.jpg","width":2000,"height":1335},{"@type":"BreadcrumbList","@id":"https:\/\/motus.bydgoszcz.pl\/?page_id=2#breadcrumb","itemListElement":[{"@type":"ListItem","position":1,"name":"Home","item":"https:\/\/motus.bydgoszcz.pl\/"},{"@type":"ListItem","position":2,"name":"Rzeczoznawcy"}]},{"@type":"WebSite","@id":"https:\/\/motus.bydgoszcz.pl\/#website","url":"https:\/\/motus.bydgoszcz.pl\/","name":"Strona g\u0142\u00f3wna","description":"","potentialAction":[{"@type":"SearchAction","target":{"@type":"EntryPoint","urlTemplate":"https:\/\/motus.bydgoszcz.pl\/?s={search_term_string}"},"query-input":{"@type":"PropertyValueSpecification","valueRequired":true,"valueName":"search_term_string"}}],"inLanguage":"pl-PL"}]}},"_links":{"self":[{"href":"https:\/\/motus.bydgoszcz.pl\/index.php?rest_route=\/wp\/v2\/pages\/2","targetHints":{"allow":["GET"]}}],"collection":[{"href":"https:\/\/motus.bydgoszcz.pl\/index.php?rest_route=\/wp\/v2\/pages"}],"about":[{"href":"https:\/\/motus.bydgoszcz.pl\/index.php?rest_route=\/wp\/v2\/types\/page"}],"author":[{"embeddable":true,"href":"https:\/\/motus.bydgoszcz.pl\/index.php?rest_route=\/wp\/v2\/users\/1"}],"replies":[{"embeddable":true,"href":"https:\/\/motus.bydgoszcz.pl\/index.php?rest_route=%2Fwp%2Fv2%2Fcomments&post=2"}],"version-history":[{"count":7,"href":"https:\/\/motus.bydgoszcz.pl\/index.php?rest_route=\/wp\/v2\/pages\/2\/revisions"}],"predecessor-version":[{"id":95,"href":"https:\/\/motus.bydgoszcz.pl\/index.php?rest_route=\/wp\/v2\/pages\/2\/revisions\/95"}],"wp:attachment":[{"href":"https:\/\/motus.bydgoszcz.pl\/index.php?rest_route=%2Fwp%2Fv2%2Fmedia&parent=2"}],"curies":[{"name":"wp","href":"https:\/\/api.w.org\/{rel}","templated":true}]}}